?
True
Is 14744533 composite?
True
Is 90113983 composite?
True
Is 3138209 a composite number?
False
Is 630102167 prime?
True
Is 76312471 a composite number?
False
Is 34079 a prime number?
False
Is 4103107 composite?
True
Is 147348077 prime?
True
Is 28621259 a prime number?
True
Is 3879077 prime?
False
Is 15881317 composite?
False
Is 687379991 a composite number?
True
Is 50756819 a prime number?
False
Is 2721863 a composite number?
False
Is 2736451 a prime number?
True
Is 244571207 prime?
False
Is 33732077 composite?
False
Is 179305823 a prime number?
True
Is 6128921 a prime number?
True
Is 2175449 a prime number?
True
Is 57005441 prime?
True
Is 23031565 composite?
True
Is 4310783 composite?
False
Is 3716207 composite?
True
Is 2750761 a prime number?
False
Is 17076223 prime?
False
Is 1694057 a composite number?
True
Is 6039205 composite?
True
Is 82339399 a composite number?
False
Is 67648943 a prime number?
True
Is 2834693 composite?
False
Is 14577523 composite?
False
Is 1481099 prime?
True
Is 27836239 a prime number?
True
Is 429783 prime?
False
Is 94026523 prime?
True
Is 21018019 composite?
True
Is 181712721 prime?
False
Is 7149833 prime?
False
Is 438169 prime?
True
Is 22144799 a prime number?
True
Is 1408837 composite?
True
Is 5608171 a prime number?
True
Is 3857791 composite?
True
Is 526016833 composite?
False
Is 2314639 a prime number?
False
Is 33738601 a composite number?
True
Is 202438849 a prime number?
False
Is 11134997 prime?
False
Is 665059 a prime number?
False
Is 2393887 composite?
True
Is 1637005 composite?
True
Is 85908913 prime?
True
Is 13114799 a prime number?
True
Is 28180631 a composite number?
False
Is 29043743 a composite number?
True
Is 67968311 composite?
False
Is 37617067 a composite number?
False
Is 86755759 a prime number?
False
Is 18978313 a prime number?
True
Is 87681653 prime?
True
Is 576306509 a prime number?
True
Is 35852341 a prime number?
False
Is 74986381 a composite number?
False
Is 109207531 prime?
True
Is 7362113 a prime number?
False
Is 227638169 a prime number?
False
Is 42701473 composite?
True
Is 14486111 a prime number?
False
Is 63083467 composite?
True
Is 106270861 prime?
True
Is 1750009 composite?
False
Is 29224571 composite?
True
Is 502393 a composite number?
False
Is 5540273 a prime number?
True
Is 66750083 composite?
True
Is 21027047 composite?
True
Is 227204479 a composite number?
True
Is 2543303 a composite number?
True
Is 478470097 a prime number?
False
Is 392081743 a composite number?
True
Is 5432351 a prime number?
True
Is 1123893731 a prime number?
True
Is 25536515 composite?
True
Is 22378949 prime?
False
Is 982207 prime?
False
Is 62827411 composite?
True
Is 158853601 a prime number?
True
Is 73557233 prime?
False
Is 896405 composite?
True
Is 58768219 a prime number?
False
Is 89770981 a prime number?
True
Is 99481309 composite?
True
Is 57106765 a prime number?
False
Is 7922809 composite?
False
Is 7205753 a prime number?
True
Is 702650911 a prime number?
False
Is 519687347 a composite number?
False
Is 90141574 prime?
False
Is 1763399 a prime number?
False
Is 20708471 composite?
True
Is 3391139 composite?
True
Is 43173409 composite?
False
Is 17530279 prime?
False
Is 2707279 a prime number?
False
Is 51037739 a prime number?
True
Is 19919017 a composite number?
False
Is 42250571 a composite number?
True
Is 121721 a prime number?
True
Is 20616119 a prime number?
False
Is 592283 prime?
False
Is 60904463 a prime number?
True
Is 76994549 composite?
False
Is 2913667 prime?
False
Is 279141823 prime?
False
Is 4964863 a prime number?
True
Is 141343 prime?
False
Is 1779329 a composite number?
False
Is 149179829 prime?
True
Is 102084311 prime?
False
Is 194393 a prime number?
False
Is 3262139 composite?
False
Is 1396153 a prime number?
False
Is 5440547 composite?
True
Is 763297 a prime number?
False
Is 26556461 prime?
False
Is 12194095 composite?
True
Is 3903503 a composite number?
True
Is 5766743 composite?
False
Is 3402953 a composite number?
False
Is 14204317 a composite number?
True
Is 19510907 a prime number?
False
Is 266826271 composite?
True
Is 7281863 composite?
False
Is 11791147 a composite number?
True
Is 171817 a composite number?
True
Is 38072899 composite?
True
Is 33430967 prime?
False
Is 2380219 a prime number?
False
Is 34705283 prime?
False
Is 5779031 prime?
False
Is 217990727 a composite number?
True
Is 123359711 prime?
True
Is 56293651 a composite number?
False
Is 843043 a composite number?
False
Is 20606681 a composite number?
False
Is 3339337 composite?
True
Is 858673 prime?
True
Is 4428167 prime?
False
Is 4008557 a composite number?
True
Is 184217393 a composite number?
True
Is 6668047 a composite number?
False
Is 123020669 composite?
False
Is 1939765 a composite number?
True
Is 18256471 prime?
False
Is 1719377 composite?
True
Is 13494563 a composite number?
False
Is 178984517 prime?
False
Is 846823 prime?
True
Is 14426429 a prime number?
True
Is 9144379 prime?
False
Is 110849 prime?
True
Is 10398145 a composite number?
True
Is 57020983 composite?
False
Is 5087509 a composite number?
True
Is 1692337 composite?
False
Is 95948807 prime?
False
Is 29042269 composite?
True
Is 13354733 a prime number?
False
Is 324875605 composite?
True
Is 4030051 prime?
True
Is 617047 a prime number?
False
Is 2433713 a prime number?
True
Is 47759411 a prime number?
False
Is 12633485 prime?
False
Is 151579 a composite number?
False
Is 200063 a prime number?
True
Is 1034983 composite?
False
Is 5017013 composite?
True
Is 11633533 prime?
False
Is 33600761 a prime number?
True
Is 59597339 a prime number?
True
Is 18087581 a composite number?
True
Is 9048181 prime?
False
Is 150955867 composite?
False
Is 269603 prime?
False
Is 25863211 a composite number?
True
Is 32894167 a prime number?
False
Is 24573077 a prime number?
False
Is 9622871 composite?
False
Is 190122743 prime?
False
Is 1384541 prime?
False
Is 210253271 a composite number?
True
Is 19302439 a composite number?
True
Is 434628829 prime?
False
Is 5199043 a prime number?
True
Is 21275809 a composite number?
False
Is 3905611 prime?
False
Is 41476507 composite?
False
Is 73701607 a composite number?
True
Is 18094277 a prime number?
True
Is 327865969 a prime number?
True
Is 16674599 a prime number?
True
Is 3391667 prime?
True
Is 684851 a prime number?
False
Is 2709773 prime?
False
Is 55214309 prime?
True
Is 15548161 prime?
False
Is 18922141 a composite number?
True
Is 237000637 composite?
False
Is 16824037 a prime number?
False
Is 211201 prime?
False
Is 18734159 a prime number?
False
Is 7585163 composite?
False
Is 99012742 a prime number?
False
Is 793099 a composite number?
False
Is 70869479 a composite number?
True
Is 162313409 prime?
False
Is 652433 a composite number?
True
Is 2067337 composite?
False
Is 6057787 a prime number?
True
Is 27629431 a prime number?
False
Is 1638073 a prime number?
False
Is 12773401 a composite number?
True
Is 114173597 a composite number?
False
Is 35041361 composite?
False
Is 52507327 composite?
False
Is 5166443 a prime number?
True
Is 165948791 composite?
False
Is 4023581 composite?
True
Is 208322627 prime?
False
Is 74791001 prime?
True
Is 680079853 a prime number?
False
Is 11065463 prime?
False
Is 556931 a prime number?
True
Is 56255707 composite?
True
Is 52717547 prime?
True
Is 45638051 composite?
False
Is 1426940599 composite?
True
Is 86132177 prime?
True
Is 8133277 a prime number?
True
Is 211242131 a prime number?
True
Is 2386347 a composite number?
True
Is 21554051 a composite number?
True
Is 1531889 a composite number?
True
Is 73371871 a composite number?
False
Is 1313647 a composite number?
True
Is 1583633 composite?
True
Is 11219563 a composite number?
True
Is 177257 composite?
False
Is 106363909 prime?
False
Is 23335671 a composite number?
True
Is 26689963 a prime number?
True
Is 35238167 a composite number?
True
Is 14745503 prime?
True
Is 57267299 prime?
False
Is 2829899 prime?
True
Is 3471061 a composite number?
True
Is 13959899 composite?
True
Is 5324857 a prime number?
False
Is 539285413 a composite number?
False
Is 23121719 a composite number?
False
Is 598363 prime?
True
Is 5307751 a composite number?
True
Is 42155719 a prime number?
True
Is 41423273 composite?
False
Is 10026227 a composite number?
True
Is 20634347 a